 - v = -5*m. Calculate the greatest common factor of m and 13.
13
Let u(c) = -c + 100. Let m be u(34). Suppose -o - 2*o = 3*g - 132, 2*g + 88 = 2*o. What is the highest common divisor of m and o?
22
Let h = -27 - -41. Suppose -21*v + 40 = -47 + 3. What is the highest common divisor of h and v?
2
Let l = -166 + 292. Suppose 0 = 2*c - 6*c - 2*b + 46, 5*c - 90 = 4*b. Calculate the highest common divisor of l and c.
14
Let f(a) = -a**2 + 8. Let z be f(0). Let g(x) = -z - 3*x + 3*x**2 + 3 + 4. Let v be g(4). What is the highest common divisor of 140 and v?
35
Let g = -20 - -24. Let l(f) = f**3 - 4*f**2 + f + 12. Let p be l(4). Calculate the greatest common divisor of p and g.
4
Suppose 2*g + 45 = 2*s - g, 4*s = -5*g + 35. Let x = 8 - 9. Let m be (13 - s)/(x/33). Calculate the greatest common divisor of 22 and m.
22
Suppose 3*v = -2*q + 153, 399 = q + 4*q + 2*v. Calculate the highest common factor of q and 135.
27
Suppose 0 = 253*r - 250*r - 216. Let k(y) = -y**2 + 2. Let b be k(0). Suppose 0 = -b*q - q + 24. Calculate the highest common factor of r and q.
8
Suppose -c + 5*c = 40. Let p = 32 + 50. Suppose -9*d + p = -8. Calculate the greatest common factor of d and c.
10
Let s(f) = f**2 + 25*f - 562. Let y be s(15). What is the greatest common divisor of 950 and y?
38
Suppose 0 = 5*i - 2*i + d - 66, 4*d + 9 = i. What is the greatest common factor of i and 105?
21
Let c(d) = d**3 - 10*d**2 + 3*d - 240. Let i be c(12). Calculate the greatest common factor of 112 and i.
28
Suppose 5*k = -5*f - 0*k + 90, 15 = 3*k. Suppose -2*h = -a - 3, -4*a + h + 8 = -1. Suppose 0 = 2*g + a*g - 65. Calculate the greatest common divisor of g and f.
13
Let k be 1512/20 + 7/5. Calculate the highest common divisor of 121 and k.
11
Suppose -5*r + 296 = 3*w, -3*w = -3*r - 2*r - 346. Let u = w + -12. Calculate the greatest common divisor of 19 and u.
19
Let v = 4568 - 4559. Suppose 227 = 4*c - 5*l, 0 = c - 4*l + 2*l - 53. What is the highest common divisor of c and v?
9
Suppose 51*n - 442 = 527. Calculate the greatest common divisor of 57 and n.
19
Suppose -4*u = -x - 251, 3*u + 103*x = 106*x + 177. What is the greatest common factor of u and 128?
64
Let j = 292 - 194. Let i be 14*(-1)/((-15)/(-3))*-5. What is the greatest common divisor of i and j?
14
Let t(p) = p**3 - 5*p**2 - 5*p + 2. Let k be t(6). Let n = k - 6. Suppose n + 72 = w - 4*g, 344 = 4*w - 4*g. What is the greatest common divisor of w and 10?
10
Let i(q) be the third derivative of q**5/4 - 5*q**4/24 + q**3/2 + 2*q**2. Let b be i(1). What is the highest common factor of b and 52?
13
Let o be (-4)/4*(-1)/1. Suppose -6 = 4*c - 22. Suppose 47 = 5*n - 8*r + c*r, -n + 3*r = -16. Calculate the highest common divisor of n and o.
1
Suppose -3*h + 36 = 3*p, 0 = 5*h - 3*h - 4*p - 24. Let n be 93/h - (21/12 - 2). What is the highest common factor of n and 20?
4
Let j be (-20)/(40/(-126))*(30 + 1). Calculate the highest common factor of 126 and j.
63
Let p be 4/34 + (-64)/(-34). Suppose 2*l = -2*l + 760. Suppose p*y - 44 - 44 = -5*c, -5*c + l = 5*y. Calculate the highest common factor of y and 17.
17
Suppose -293 + 53 = -6*r. Calculate the highest common factor of r and 220.
20
Suppose 4*l = -5*o + 2*l + 3600, 2*l = -o + 720. Calculate the highest common factor of o and 45.
45
Let b(x) = -710*x + 97. Let m be b(-2). Calculate the highest common divisor of 123 and m.
41
Suppose 17*h - 5*i = 13*h + 364, -3*h - 5*i = -238. Calculate the greatest common factor of h and 559.
43
Suppose 4*c - 4 = 2*b, -c - 2*c = 2*b - 10. Suppose -b*d + 4 = -22. What is the highest common divisor of d and 104?
13
Suppose -81*i + 84 = -79*i. Let l be 55/(-33) - 46/(-6). Calculate the highest common divisor of l and i.
6
Suppose -g = 2*j - 154, 0 = 9*g - 7*g + 3*j - 307. Calculate the greatest common divisor of 8 and g.
8
Let i(f) = f**3 - 13*f**2 + 12*f + 14. Let v be i(12). What is the highest common divisor of 49 and v?
7
Suppose -i + 5 = -0. Let a(h) = -h + 5. Let t be a(6). Let u(d) = -16*d**3 + 2*d + 1. Let g be u(t). Calculate the greatest common factor of i and g.
5
Let u = -2 - -3. Let n be (-177)/(-12) - u/(-4). What is the highest common factor of 105 and n?
15
Let o(h) = h**2 - 14*h + 64. Let x be o(6). Let p(f) = 3*f**2 - 3*f + 6. Let y be p(-5). What is the greatest common factor of x and y?
16
Let s(d) = 2*d**2 + 6*d + 22. Suppose 5*j - u + 52 = 0, 2*u = -2*j - 3*j - 46. Let g be s(j). What is the greatest common divisor of 18 and g?
18
Let o be (2/4)/(2/64). Let g be (-138)/(-23)*3/((-18)/(-4)). Suppose -4*t = -5*i - 21, -i - 10 = -g*t + 7. What is the greatest common factor of o and t?
4
Let a = 17 - 11. Suppose 3*n = -b + 9, -4*b = -3*n + 4*n - 14. Calculate the greatest common divisor of b and a.
3
Let f(c) = -154*c**2 - 6*c - 5. Let w be f(-1). Let y = -97 - w. Calculate the greatest common divisor of 14 and y.
14
Suppose 4*c = -y + 69, 2*y = -c - 4*c + 126. Let m = 73 - y. What is the highest common divisor of m and 140?
20
Suppose -q + 38 = -0*q. What is the greatest common factor of q and 2?
2
Suppose 2*y = -3*y + 60. Suppose 2*z = -l + 7, l + 14 = 4*z + 3. Calculate the greatest common divisor of z and y.
3
Suppose 77 = -3*j + 536. What is the highest common factor of j and 9?
9
Let d = -112 - -157. Let n = 196 + -138. Suppose -7 = -l - 5*z + 6, -4*z - n = -3*l. What is the greatest common divisor of d and l?
9
Suppose y = -0*y, v - 2*y = 77. Calculate the greatest common divisor of 1078 and v.
77
Let q = 517 + -244. Calculate the highest common divisor of q and 63.
21
Let y(a) = 94*a**2 + a. Let q be y(-1). Let o be (-4)/((-8)/(-2))*-31. Calculate the highest common divisor of o and q.
31
Let m = -3 + 13. Let v(u) = -25*u + 10. Let s be v(-9). Suppose -5*h + 3*h = 10, 3*n = 5*h + s. What is the greatest common divisor of n and m?
10
Suppose 196 = 3*r + r. Let x be 6/(-14) + (282/21 - 2). Let f(t) = t**2 - 9*t - 15. Let c be f(x). What is the greatest common divisor of c and r?
7
Let y(c) = 55*c**3 - 54*c**3 + 0*c**2 - 80 + c**2. Let b be y(0). Let u be ((-24)/(-15))/((-2)/b). Calculate the highest common factor of 160 and u.
32
Let u(b) = b**3 + 3*b + 39. Let a be u(0). Calculate the greatest common divisor of 65 and a.
13
Let w(g) = 2*g**2 - 7*g + 32. Let i be w(6). Calculate the greatest common divisor of 93 and i.
31
Let m(u) = 3*u**2 + 7*u + 4. Let y(v) = v**2 + 2*v + 1. Let r(g) = -2*m(g) + 9*y(g). Let q be r(7). Calculate the highest common divisor of 16 and q.
16
Let q = -1653 - -1676. Calculate the greatest common factor of 1633 and q.
23
Let g(v) = -v**3 + 3*v**2 - 2*v + 3. Let f be g(3). Let u be (1 + f)*33/(-6). Suppose 0 = 5*x - u + 1. What is the greatest common factor of x and 8?
2
Suppose -3*f + 2*a + 42 = 0, 0 = 2*f - 11*a + 12*a - 21. What is the highest common divisor of f and 42?
6
Let r be (-565)/(-3) + (-2)/6. Let l = r + -88. Let o = -12442 - -12482. What is the highest common divisor of o and l?
20
Let h(i) = -9*i + 1. Let x be h(-3). Let t = 1346 - 1122. What is the highest common divisor of x and t?
28
Let k be 51 - (0 - (4 - 2)). Let n = k + -32. Let l = -720 + 867. What is the highest common divisor of n and l?
21
Let w be (-1504)/(-40) - (6/15)/(-1). What is the highest common divisor of w and 190?
38
Let z be 1/(2/16) + 0. Let h(r) = -r**2 - 19*r + 47. Let i be h(-21). Let c be (5 + -6)*6/(-2) + i. Calculate the greatest common divisor of z and c.
8
Suppose 0 = 4*i - 0*z + 2*z - 26, -30 = -5*i - 2*z. Suppose -i*n = 2*a + 3*a - 6, 14 = 2*n - 3*a. Calculate the highest common divisor of 8 and n.
4
Let f be (2/4)/(2/196). Suppose -5*t + 14 = 8*n - 7*n, -5*t = 0. Calculate the greatest common divisor of f and n.
7
Suppose 0 = 5*b - 3*f - 120, b = 5*b + f - 96. Calculate the greatest common divisor of 276 and b.
12
Let b be (4 + -1 + -2)/(31/2604). Suppose 67 = 4*n + 7. Let y be ((-12)/n)/((-2)/30). Calculate the greatest common divisor of b and y.
12
Suppose 5*b - 2*h - 4 = 3*b, 0 = b - 4*h - 5. Let w = 5 - 5. Suppose -a + w*a + b = 0. Calculate the greatest common divisor of 11 and a.
1
Suppose 3*q - 123 = 273. Suppose -4*y + 145 = -0*m - 5*m, 4*m - q = -3*y. What is the highest common divisor of y and 100?
20
Let w = 879 + -573. Calculate the highest common divisor of w and 90.
18
Suppose -d 